v = -27 - d. Determine k(v).
3
Let g(v) = -5*v**3 + 12*v**2 - 5*v - 6. Let r(u) = -14*u**3 + 35*u**2 - 14*u - 17. Let t(n) = -17*g(n) + 6*r(n). Suppose -q - 4 = 1. Determine t(q).
20
Let v(n) = 2 + 5*n + 17*n**2 - 1 - 4*n - 18*n**2. Give v(3).
-5
Let w(u) = u**3 - 11*u**2 + 24*u - 146. Let m be w(10). Let j(n) = n**2 + 7*n + 2. Determine j(m).
-4
Let m(p) = -p**2 - p - 1. Let f(y) = -2*y**2 - 6*y + 13. Let x(g) = -f(g) + m(g). Give x(-7).
0
Let u(v) = v - 4. Let b = -17 - -17. Let h = 10 - b. Let c be u(h). Let j(g) = -g**2 + 6*g + 8. Give j(c).
8
Let o(c) be the first derivative of -12 + 4*c**2 - 2*c - 1/3*c**3. Calculate o(8).
-2
Let w = 706 - 703. Let j(m) = -4*m**2 + 2*m + 1. Calculate j(w).
-29
Let f(n) = 129 - 37 - 35 - n - 44. Calculate f(6).
7
Let m(f) = -11*f**2 + 3*f + 8. Let s(n) = 4*n**2 - n - 3. Let t(r) = -3*m(r) - 8*s(r). Let v(h) = -4*h**2 + 3*h + 1. Let q(g) = 2*t(g) + v(g). What is q(-1)?
-2
Let t(r) = -181 - 3*r + 44 + 46 + 46. Give t(-15).
0
Let u(v) be the second derivative of 1/3*v**4 - 3/2*v**2 + 1/20*v**5 + 40*v + 0 + 1/3*v**3. Calculate u(-3).
0
Let l(p) = -2*p - 6. Let w(i) = 1. Let r(y) = l(y) + 5*w(y). Suppose -4 = j - 3*v - 10, -2*j - 3*v - 6 = 0. Suppose j = -f + 3*f - 2. Calculate r(f).
-3
Let m(v) be the second derivative of -v**3/3 - 5*v**2/2 - 13*v. What is m(-4)?
3
Let g(k) = k**2 - k + 10. Let i be 528/(-924) - (-34)/(-14). Calculate g(i).
22
Suppose -5*j - 5 - 5 = 0. Let r = 2 - j. Suppose -30 = -2*s + r*f, -s - 3*f + 0*f - 10 = 0. Let k(y) = 2*y - 7. Calculate k(s).
3
Suppose 18 = -2*o + 5*o. Let z = -5 + o. Let u = z + -1. Let j(a) = -a**3 - a**2 + a + 2. Calculate j(u).
2
Let k(i) = -i**2 - 20*i + 36. Let l be k(-21). Suppose -3*r = -4*c - 8 - 24, l = -3*c. Let p(s) = -s + 4. Calculate p(r).
0
Let o be 84/112 - (-82)/8. Let u(h) = -2*h + 19. What is u(o)?
-3
Let n(v) = -v**2 + 30*v + 34. Let w be n(31). Let o(b) = b**2 - 3*b + 1. Determine o(w).
1
Let k be (138/(-21) - -7)*7. Let m(x) = -3*x + 1. Calculate m(k).
-8
Let y(m) = m**2 + 31*m + 125. Let q be y(-5). Let b(z) = 4 - 3 + 2*z + 3. What is b(q)?
-6
Let c(k) = 3*k**3 + 13*k**2 + 14*k + 53. Let x(w) = -w**3 - 5*w**2 - 5*w - 18. Let g(r) = 6*c(r) + 17*x(r). What is g(7)?
5
Let q = -42 - -45. Let a(u) = u**2 + 3*u - 3. Determine a(q).
15
Let n(q) = q + 5. Let b(x) = -x**3 + 5*x**2 + 6*x + 4. Let c be b(6). Suppose -30 = 2*l + 3*r, -65 = c*l + l + 5*r. What is n(l)?
-4
Let z(w) = -w + 9. Suppose -s - g + 8 = 2*g, 11 = 3*s - 4*g. Let q(t) = 2*t - 18. Let v(j) = s*z(j) + 3*q(j). Determine v(11).
2
Let t = 119 - 116. Let j(m) = -m**3 + 3*m**2 - m + 2. Give j(t).
-1
Let c(r) = -r - 6. Let v be (-1)/(106/(-54) - -2). Let g = v + 21. Give c(g).
0
Let f(b) = b - 9. Let n(u) = -u**3 - 2*u**2 + u + 2. Let o be n(0). Let i(d) = -d - 1. Let t(h) = o*i(h) + f(h). Calculate t(-8).
-3
Let a(v) = -6 + 16 + 10*v - v**2 - 6*v. Let g = 20 - 13. Give a(g).
-11
Let i(g) = 10*g**3 - 13*g - 4*g**2 + 8 - 21*g - 9*g**3 + 34*g. Calculate i(4).
8
Let n be ((-4)/3)/((-1)/(-3)). Let u(z) be the second derivative of z**5/20 + 5*z**4/12 + z**3/6 + 2*z**2 - z + 448. Calculate u(n).
16
Let n(j) be the second derivative of 3*j**3/2 + j**2 - 56*j. What is n(-3)?
-25
Let q(w) = w**3 + 4*w**2 + 4*w + 3. Let o(c) = c**2 + 2*c + 4. Let h be o(-3). Let i = -10 + h. Calculate q(i).
0
Let u(x) = -x**2 - x + 14. Let m be (-1 + (-58)/(-4))*-2. Let z(k) = -k**3 + 14*k**2 - 6*k + 57. Let f be z(14). Let b = m - f. Give u(b).
14
Let m(q) = -2*q**2 + 2*q + 1. Let v be 12/21*(-7)/(-2). Suppose 0 = -4*y + u - v*u - 5, 5*y - u + 13 = 0. What is m(y)?
-11
Let b(r) be the second derivative of r**4/12 - r**3/2 - r**2/2 - r. Suppose 6399*y - 6402*y = -12. Determine b(y).
3
Let n(u) = -9*u**2 + 3*u + 10. Let w(p) = 16*p**2 - 5*p - 19. Let m(z) = -7*n(z) - 4*w(z). Let i(s) = -2*s - 5. Let q be i(0). What is m(q)?
-14
Let f(r) = -r**2 - 5*r - 1. Let g = 42 - 24. Suppose -3*j = -5*o + g, j - 5 = -5*o + 9. Let k be (-1)/(j - 28/(-24)). Determine f(k).
-7
Let p(g) = -g**2 - g + 1. Let q(d) = 7*d**2 + 4*d - 3. Let i(h) = -6*p(h) - q(h). Let n be (-21)/(-28) + (-1)/(-4). Suppose -6*y - n = -13. Give i(y).
-3
Let c(d) = -d**2 - d - 21. Let t(b) = b**2 - b + 26. Let p(u) = 4*c(u) + 3*t(u). Let k be -4*((-45)/12 - -1). Suppose -3*f - 7 = k. What is p(f)?
0
Let f(y) = y. Let u = 5 + -4. Suppose 0 = 5*t - 9*t. Let j be u/(t - 2)*-6. Give f(j).
3
Let o(n) = -n**3 - 5*n**2 + 2*n + 6. Suppose y = -2*z + 18 - 60, -3*z = -y + 63. Let i = -25 - z. Give o(i).
-18
Let m(t) = -t**3 + t**2 + 3. Suppose -3*l = -3*s - 180, 141 + 99 = -4*s + 2*l. Let y be s/(-16) - (-15)/(-20). What is m(y)?
-15
Let t(l) be the third derivative of 5*l**4/24 - 23*l**3/6 + 5*l**2 + l. Let x be t(6). Let m(q) = -5*q + 6. Calculate m(x).
-29
Let d = 127 - 82. Suppose 0 = 2*r + 3 - d. Let u be ((-35)/r)/((-1)/3). Let m(w) = -3*w + 7. Determine m(u).
-8
Let s(u) = -u**2 - 18. Let c(t) = -t**2 - 13. Let z(d) = 7*c(d) - 5*s(d). Let x = -2 - -3. Give z(x).
-3
Suppose 3*w + 2*l = -2, -4*w + 4*l + 5 = -l. Let x(q) = -q**2 - 2*q + 1. What is x(w)?
1
Let n be 3/(1*(-3)/(-2)). Let t(r) = -2*r**2 + n - 4 + 3*r**3 - r**2 + 3. Let d be -3 + (6 - 5 - 4/(-1)). Calculate t(d).
13
Let u(w) be the third derivative of -w**6/120 - w**5/30 + w**4/8 - w**3/3 + 126*w**2. Calculate u(-3).
-2
Let f(z) = -z**2 - 5*z - 7. Let p be 12*6/9 - 4. Let c be p - 17 - (-2)/1. Let d be (0 + 1)*(-16 - c). What is f(d)?
-7
Suppose -5*w + 0*w = -40. Suppose 9 = -5*c - 6*d + 4*d, -4*d - w = 0. Let f(a) = a**2 - 1. Determine f(c).
0
Let x(s) = -2*s**2 + s + 5. Suppose 22*o = 20*o - 3*t + 4, 2*t = 8. Determine x(o).
-31
Let a(w) = 2*w + 16*w - 9*w - 9*w + 5 - w. Determine a(11).
-6
Let w = -20 - -12. Let b(x) = -24*x**2 - 3*x - 8. Let p(d) = 8*d**2 + d + 3. Let v(s) = w*p(s) - 3*b(s). Calculate v(-1).
7
Let u(n) = 11*n**2 + 13*n + 7. Let k(g) = -5*g**2 - 6*g - 3. Let q(s) = -9*k(s) - 4*u(s). Let f = -2371 - -2367. Determine q(f).
7
Let o = -16 + 19. Let h(s) = -s**3 - s**3 + 3*s**o - 17*s**2 - 4*s + 21*s**2 + 6. Give h(-5).
1
Let y(j) = -2*j + 1. Let d(n) be the third derivative of -n**4/12 + n**3 + 4*n**2. Let v be d(6). Let q be ((-14)/4)/7*v. Determine y(q).
-5
Let c(k) = 10 - k + k**2 + k - k. Let m = 3 - 0. Suppose -3*r + 4*i = -20, m*i = -r + 8*i + 25. Determine c(r).
10
Let x(a) = 7*a**2 - 2*a + 4. Let l(d) = -15*d**2 + 4*d - 9. Suppose 0 = -36*j + 39*j - 39. Let q(y) = j*x(y) + 6*l(y). What is q(3)?
1
Let v be 1884/(-78) - (-2)/13. Let i = -15 - v. Let g(q) = -q**3 + 8*q**2 + 9*q + 4. What is g(i)?
4
Let o(y) = -y**3 - 3*y**2 + 3*y + 1. Let s be (-2)/13 - 1293/(-39). Suppose -5*w + s = -17. Suppose -3*u = 5*c - w*c + 37, -2*u + 4*c = 28. What is o(u)?
5
Suppose 3*i + i = 0. Suppose i*k + 2 = k. Suppose -10 = -k*q + 4. Let c(s) = -s + 11. Determine c(q).
4
Suppose -8 = 5*j + 22. Let h(w) be the third derivative of w**5/60 + 7*w**4/24 + w**3/6 - 27*w**2. Determine h(j).
-5
Let n(g) be the second derivative of g**6/360 - g**5/20 + g**4/6 + g**3/2 + 14*g. Let k(u) be the second derivative of n(u). Determine k(5).
-1
Suppose -5*b + 6*b + 2 = 0, 0 = 5*v + 2*b + 59. Let n(k) = k**2 + 11*k - 9. Calculate n(v).
-9
Let s(f) = -27*f**2 - 4*f + 3. Let g(o) = -40*o**2 - 6*o + 4. Let n(k) = 5*g(k) - 7*s(k). Suppose 5*d = -9 + 4. What is n(d)?
-10
Let q(u) be the first derivative of 3*u**2/2 - 3*u - 39. Give q(2).
3
Suppose 66 = 5*b + 16. Let j(d) = d**2 - 12*d + 2. Determine j(b).
-18
Suppose -71 + 242 = 19*g. Let r(i) = -i**3 + 10*i**2 - 9*i - 10. What is r(g)?
-10
Let x(n) = 3*n + 4*n**2 + 3 - 2*n**3 + 0*n**3 + 3*n**3. Let p be (8/6)/(2/(-27)). Let i = 15 + p. Calculate x(i).
3
Suppose 8*k = 7*k + 136. Let s = k + -148. Let l(i) = i**2 + 12*i - 3. Determine l(s).
-3
Let s(g) = g - 1. Let n(t) = -3*t + 11. Let l(j) = -n(j) - 5*s(j). Let q be 1*6*((-108)/(-8))/9. Suppose z - 3*b = q + 2, -2*b = z - 1. Give l(z).
-16
Let a(p) = -p**3 - 7*p**2 + 4*p - 4. Suppose -3*f - 20 = 4*x - 0, 5*f - 4 = -2*x. What is a(x)?
28
Let c = 83 - 93. Let q(s) = -s**3 - 10*s**2 - s - 1. Calculate q(c).
9
Let w(b) = -2*b**2 - 17*b + 5. Let z(k) = k**2 + 9*k - 3. Let g(p) = 4*w(p) + 7*z(p). Let q(o) = o - 12. Let m be q(6). What is g(m)?
-7
Let l = -51 + 49. Let d be -3 - (l + 4)*-1. Let h(r) = -r - 1. Give h(d).
0
Le